9040 a multiple of 98?
False
Is 14 a factor of 116740778?
True
Is 45265379 a multiple of 40?
False
Is 450981303 a multiple of 66?
False
Is 1234349364 a multiple of 2?
True
Is 75939071 a multiple of 5181?
False
Is 148674800 a multiple of 16?
True
Is 15690125 a multiple of 275?
True
Is 41605031 a multiple of 47?
False
Does 211 divide 28753181?
True
Is 141116484 a multiple of 1062?
False
Does 677 divide 48744?
True
Does 39 divide 35092746?
True
Is 1099 a factor of 228198558?
True
Is 3690385 a multiple of 169?
False
Does 753 divide 764839908?
False
Is 17298766 a multiple of 3?
False
Is 32 a factor of 13245999?
False
Is 18 a factor of 221934688?
False
Is 11046356 a multiple of 74?
False
Is 450 a factor of 426545500?
False
Does 12 divide 22562232?
True
Is 418 a factor of 1358500?
True
Does 24 divide 10610952?
True
Is 190345563 a multiple of 9?
True
Is 1883511 a multiple of 7?
True
Is 224616514 a multiple of 1169?
False
Is 119 a factor of 2070000716?
True
Is 18 a factor of 450880897?
False
Is 4215 a factor of 92342220?
True
Is 16383573 a multiple of 711?
True
Is 127 a factor of 15010507?
False
Does 1756 divide 66666540?
True
Does 671 divide 12419539?
True
Does 3186 divide 4750551357?
False
Is 127846077 a multiple of 123?
True
Is 497 a factor of 262580507?
True
Is 1324481554 a multiple of 11?
True
Does 53 divide 165050384?
False
Is 457 a factor of 237863917?
False
Does 303 divide 1635101270?
False
Is 771 a factor of 38617351?
False
Is 396 a factor of 110990484?
True
Is 1475235 even?
False
Does 37 divide 221680071?
False
Is 9 a factor of 22019999?
False
Is 1225 a factor of 26302598?
False
Does 1352 divide 19031078?
False
Is 56576400 a multiple of 17?
False
Is 3 a factor of 34384743?
True
Is 331607098 a multiple of 1517?
True
Is 180313731 a multiple of 4446?
False
Is 30 a factor of 20527230?
True
Does 41 divide 72889964?
True
Is 122 a factor of 77946189?
False
Does 61 divide 22358330?
True
Is 11 a factor of 10219319?
True
Is 262 a factor of 1243619196?
False
Is 68 a factor of 258115760?
True
Is 8217594 a multiple of 539?
True
Is 24792228 a multiple of 2188?
True
Does 476 divide 35533876?
True
Is 1595 a factor of 15918643?
False
Is 738 a factor of 847204812?
True
Is 26 a factor of 410301814?
True
Is 130571332 a multiple of 33?
False
Does 430 divide 589265980?
True
Does 13 divide 15471365?
True
Is 2170560829 a multiple of 6528?
False
Is 53286344 a multiple of 32?
False
Is 5100 a factor of 186619200?
True
Does 90 divide 1027050750?
True
Is 487369532 a multiple of 442?
True
Is 128063136 a multiple of 6?
True
Is 2486864688 a multiple of 66?
True
Does 288 divide 214091858?
False
Is 3621000704 a multiple of 256?
True
Does 293 divide 32903509?
False
Is 20 a factor of 1010480?
True
Is 389 a factor of 23184715?
False
Is 1352 a factor of 20631520?
True
Does 27 divide 20323305?
True
Is 13 a factor of 18372448?
False
Is 17 a factor of 7803257992?
True
Does 189 divide 877213071?
True
Is 616186004 a multiple of 3098?
True
Does 388 divide 1131107688?
True
Does 95 divide 4539800544?
False
Is 5143632 a multiple of 1186?
False
Is 10566228 a multiple of 14?
False
Does 199 divide 255442182?
False
Is 95456316 a multiple of 411?
False
Is 975 a factor of 675854471?
False
Is 289870288 a multiple of 92?
True
Is 13 a factor of 3115263881?
False
Is 25 a factor of 406768175?
True
Does 5323 divide 1379929197?
True
Is 4 a factor of 2392848?
True
Is 743 a factor of 1545392448?
True
Is 88885965 a multiple of 858?
False
Does 292 divide 86198692?
True
Does 153 divide 590265096?
False
Does 7 divide 2603643?
True
Is 72 a factor of 276984171?
False
Does 1658 divide 1719437190?
True
Is 87308746 a multiple of 381?
False
Is 53 a factor of 9856153?
False
Is 447 a factor of 314794386?
True
Is 1388 a factor of 65602432?
True
Is 360 a factor of 482551877?
False
Is 46645456 a multiple of 38?
True
Does 5982 divide 1430681991?
False
Is 1324174872 a multiple of 24?
True
Is 320718171 a multiple of 170?
False
Does 10 divide 101160750?
True
Is 3833579520 a multiple of 9216?
True
Is 217 a factor of 516168352?
True
Is 733 a factor of 112263735?
False
Is 40833979 a multiple of 16?
False
Does 1589 divide 144599726?
False
Does 70 divide 390389440?
True
Does 396 divide 14580370?
False
Does 487 divide 316501300?
True
Is 102 a factor of 958616298?
True
Is 29 a factor of 7007603013?
False
Is 6536551489 a multiple of 1978?
False
Is 170751391 a multiple of 237?
False
Is 11 a factor of 58139266?
False
Is 1416 a factor of 43129944?
True
Is 8217053 a multiple of 6?
False
Is 2045 a factor of 12414230?
False
Is 289 a factor of 9750127?
False
Does 2662 divide 117548596?
True
Does 19 divide 6762252?
True
Does 574 divide 3042369856?
False
Is 89 a factor of 72645534?
False
Is 14 a factor of 472436327?
False
Is 38 a factor of 112318029?
False
Does 736 divide 601971516?
False
Is 104772516 a multiple of 755?
False
Is 379 a factor of 59616037?
False
Does 31 divide 1311792516?
False
Does 27 divide 441096299?
False
Is 577495427 a multiple of 12?
False
Does 738 divide 265662288?
True
Is 1187 a factor of 219020492?
True
Is 16422222 a multiple of 2?
True
Is 19667132 a multiple of 7?
False
Is 103 a factor of 389604829?
False
Is 19747608 a multiple of 696?
True
Is 145 a factor of 64967664?
False
Is 233681065 a multiple of 10?
False
Is 34470383 a multiple of 45?
False
Is 20 a factor of 65338740?
True
Does 268 divide 62491168?
True
Is 20 a factor of 228760888?
False
Is 1996 a factor of 74769618?
False
Is 5055843 a multiple of 52?
False
Does 976 divide 10594073?
False
Is 120480742 a multiple of 15?
False
Is 142242112 a multiple of 1971?
False
Is 80564725 a multiple of 347?
True
Does 152 divide 841588586?
False
Is 17 a factor of 282249912?
True
Is 291436220 a multiple of 495?
False
Does 14 divide 3775038694?
True
Is 188 a factor of 25492919?
False
Is 406805053 a multiple of 58?
False
Is 797641345 a multiple of 1838?
False
Is 97 a factor of 1093717021?
False
Is 74 a factor of 1483862948?
True
Does 2158 divide 190216235?
False
Does 12 divide 28193400?
True
Does 801 divide 450179553?
False
Does 233 divide 94213783?
True
Does 16 divide 1192825813?
False
Does 1634 divide 146567494?
False
Is 920008896 a multiple of 6128?
True
Is 70645838 a multiple of 10?
False
Does 118 divide 3520698202?
False
Does 93 divide 79737089?
False
Is 423390440 a multiple of 1819?
True
Does 1752 divide 247057330?
False
Is 1546883298 a multiple of 27?
True
Does 2860 divide 26179733?
False
Does 7 divide 9239091?
False
Is 387441795 a multiple of 195?
True
Is 45580720 a multiple of 80?
True
Is 2640 a factor of 155654237?
False
Is 352 a factor of 2952821?
False
Does 68 divide 14423140?
True
Does 378 divide 663983203?
False
Is 36 a factor of 3499159320?
True
Does 78 divide 1544245092?
True
Does 4242 divide 872501230?
False
Is 10 a factor of 52558723?
False
Is 367 a factor of 1100533543?
True
Is 654685546 a multiple of 38?
True
Is 234114033 a multiple of 3039?
False
Is 144 a factor of 48797808?
False
Does 136 divide 42373928?
True
Is 1067423363 a multiple of 90?
False
Does 2737 divide 727803881?
True
Is 13302161 a multiple of 17?
False
Is 460 a factor of 134561306?
False
Does 1419 divide 246738046?
False
Is 1155 a factor of 245194457?
False
Is 6673 a factor of 1310530489?
True
Is 3629 a factor of 163733222?
True
Is 10 a factor of 10722220?
True
Is 1601 a factor of 1163166927?
False
Is 7284625 even?
False
Is 33977832 a multiple of 56?
True
Is 40497889 a multiple of 623?
False
Does 176 divide 266388544?
False
Does 80 divide 1869651237?
False
Is 169 a factor of 23329436?
True
Is 725672360 a multiple of 3891?
False
Does 46 divide 369150?
True
Is 4 a factor of 525476?
True
Does 75 divide 721399?
False
Does 122 divide 5854498073?
False
Does 435 divide 66235710?
True
Does 62 divide 172094675?
False
Is 711178351 a multiple of 5175?
False
Is 15257161 a multiple of 22?
False
Does 881 divide 5336605?
False
Is 27 a factor of 565473933?
True
Is 268 a factor of 11841783?
False
Does 2186 divide 345385625?
False
Is 380828405 a multiple of 15?
False
Is 1951 a factor of 316422935?
True
Is 1269 a factor of 249608055?
False
Does 15 divide 5086980?
True
Does 3 divide 101822731?
False
Is 22 a factor of 266428360?
True
Is 98 a factor of 3915494?
False
Is 20 a factor of 88555426?
False
Is 7 a 